{"id":286,"date":"2016-10-31T13:17:59","date_gmt":"2016-10-31T16:17:59","guid":{"rendered":"https:\/\/leibnitz-cba.infd.edu.ar\/sitio\/?page_id=286"},"modified":"2018-10-19T19:38:17","modified_gmt":"2018-10-19T22:38:17","slug":"inicio","status":"publish","type":"page","link":"https:\/\/leibnitz-cba.infd.edu.ar\/sitio\/","title":{"rendered":"Inicio"},"content":{"rendered":"<div id=\"metaslider-id-403\" style=\"width: 100%;\" class=\"ml-slider-3-33-0 metaslider metaslider-flex metaslider-403 ml-slider ms-theme-default\" role=\"region\" aria-roledescription=\"Slideshow\" aria-label=\"Slideshow\">\n    <div id=\"metaslider_container_403\">\n        <div id=\"metaslider_403\" class=\"flexslider\">\n            <ul aria-live=\"polite\" class=\"slides\">\n                <li style=\"display: block; width: 100%;\" class=\"slide-607 ms-image\" aria-roledescription=\"slide\" aria-label=\"slide-607\"><a href=\"https:\/\/mapa.infd.edu.ar\/\" target=\"_blank\"><img src=\"https:\/\/leibnitz-cba.infd.edu.ar\/sitio\/wp-content\/uploads\/2018\/06\/mapa_infd6-1100x200.png\" height=\"200\" width=\"1100\" alt=\"\" class=\"slider-403 slide-607\" title=\"mapa_infd6\" \/><\/a><\/li>\n                <li style=\"display: none; width: 100%;\" class=\"slide-609 ms-image\" aria-roledescription=\"slide\" aria-label=\"slide-609\"><a href=\"https:\/\/www.argentina.gob.ar\/educacion\/becas\" target=\"_blank\"><img src=\"https:\/\/leibnitz-cba.infd.edu.ar\/sitio\/wp-content\/uploads\/2018\/06\/becas7-1100x200.png\" height=\"200\" width=\"1100\" alt=\"\" class=\"slider-403 slide-609\" title=\"becas7\" \/><\/a><\/li>\n                <li style=\"display: none; width: 100%;\" class=\"slide-635 ms-image\" aria-roledescription=\"slide\" aria-label=\"slide-635\"><a href=\"https:\/\/www.argentina.gob.ar\/tema\/estudiar\/formacion-docencia\" target=\"_blank\"><img src=\"https:\/\/leibnitz-cba.infd.edu.ar\/sitio\/wp-content\/uploads\/2018\/06\/convocatorias_slide6-1-1100x200.png\" height=\"200\" width=\"1100\" alt=\"\" class=\"slider-403 slide-635\" title=\"convocatorias_slide6-1\" \/><\/a><\/li>\n            <\/ul>\n        <\/div>\n        \n    <\/div>\n<\/div>\n<p><img decoding=\"async\" loading=\"lazy\" class=\"aligncenter\" style=\"vertical-align: middle;\" src=\"https:\/\/lh4.googleusercontent.com\/-deA0Ln4N9Y8\/Vzspl3a7KnI\/AAAAAAAAAGA\/gTOeAa1TCD0cIbvoaenB8LQxHISbQEF7wCL0B\/w1026-h577-no\/portada%2B1.png\" width=\"700\" height=\"393\" border=\"0\" \/><\/p>\n<div align=\"center\">\n<table style=\"width: 700px; height: 290px; background-color: #ffffff;\" border=\"0\" cellspacing=\"8\" cellpadding=\"8\">\n<tbody>\n<tr>\n<td style=\"width: 50%; text-align: left; border: 1px solid #4b8fcc; background-color: #ffffff;\" valign=\"top\"><span style=\"font-family: 'trebuchet ms', geneva; font-size: 10pt;\"><img decoding=\"async\" title=\"\" src=\"https:\/\/leibnitz-cba.infd.edu.ar\/sitio\/wp-content\/uploads\/2018\/08\/redinfod.png\" alt=\"\" border=\"0\" \/><\/span><\/p>\n<p style=\"text-align: justify;\"><span style=\"font-family: verdana, geneva; font-size: 12pt;\">Junto con mas de 800 institutos, integramos la\u00a0<strong><em>Red\u00a0Virtual de Institutos Superiores de Formaci\u00f3n Docente<\/em><\/strong>\u00a0coordinada por el\u00a0<strong>INFD\u00a0<\/strong>(Instituto Nacional de Formaci\u00f3n Docente) dependiente del Ministerio de Educaci\u00f3n de la Naci\u00f3n Argentina.\u00a0<\/span><\/p>\n<\/td>\n<td style=\"border: 1px solid #4b8fcc; width: 50%; background-color: #f0f8ff;\" valign=\"top\">\n<p style=\"text-align: center;\"><span style=\"font-family: 'trebuchet ms', geneva;\"><span style=\"font-size: 18.6667px;\">Sede del CCRTIC (SPIyCE) &#8211; Ministerio de Educaci\u00f3n &#8211; Gobierno de la Provincia de C\u00f3rdoba<\/span><\/span><\/p>\n<p style=\"text-align: center;\"><span style=\"font-family: 'trebuchet ms', geneva;\"><span style=\"font-size: 18.6667px;\"><img decoding=\"async\" loading=\"lazy\" src=\"https:\/\/lh3.googleusercontent.com\/qQ1eGMZ5u1J98ecUUZwLf9wssbynkA1XDsE5VVlhEg7mHAtjSTS-w8KbumJnENa_Bwzgax31QGRo3On9fA-4f-tprVlirQj2N9vkCPoffSpQ4Huy1vGbr3kKfa7XQgFxj3ZDAEKue0Nd88zYzs1ZIJ_AOpxyLPIaqXkkp5NK3VTRSXamDfp5nkQkHFg5CqwcRTvgVxZUyXbewKb0-kfmIF87mvzzV1iJB1wq_cGwG2JyQjlHx-Sajfolkwvu7Kqu4lc28opF2UTH2vQXq4ORvhgWzwOcqyPMm7epTAzjTLxYMn4XUXGrKoiicMPLWMobG9_pTtuyaMyzs9TtHhCyqtdgz906SoTp6v2OSfHqwoFYcVCiYU3UgFZyiurLEKqVy5BmRrSaxM1ewX3vRV615ZJUh2TZAW_xIKW0hFG_cDXeGkYW12SpihsHemf9dQfk0zhHDVwWpstJHLV1EJw0yQdHJxuqEPxgBYBcfEUJl4ofr1Cic2foO7vUgDTwLa63e3y3IaniVSBBbDLVl6b4AH95Y67I2AeSQQcx9wjD2NUZcFrAs226FBSFwg73sSJsO7XjCWzcj4f7-L_8M-5BDZr0nEVNvJUo2OluURaUbuFH43FV5O2729JPJrropP8c74k4KQWMp-0TARFHQeQ8nezumDoa5yGq=w278-h104-no\" alt=\"\" width=\"278\" height=\"104\" border=\"0\" \/><\/span><\/span><\/p>\n<p style=\"text-align: center;\">\n<\/td>\n<\/tr>\n<\/tbody>\n<\/table>\n<\/div>\n","protected":false},"excerpt":{"rendered":"<p>Junto con mas de 800 institutos, integramos la\u00a0Red\u00a0Virtual de Institutos Superiores de Formaci\u00f3n Docente\u00a0coordinada por el\u00a0INFD\u00a0(Instituto Nacional de Formaci\u00f3n Docente) dependiente del Ministerio de Educaci\u00f3n de la Naci\u00f3n Argentina.\u00a0 Sede del CCRTIC (SPIyCE) &#8211; Ministerio de Educaci\u00f3n &#8211; Gobierno de la Provincia de C\u00f3rdoba<\/p>\n","protected":false},"author":1,"featured_media":0,"parent":0,"menu_order":0,"comment_status":"closed","ping_status":"closed","template":"","meta":[],"acf":[],"_links":{"self":[{"href":"https:\/\/leibnitz-cba.infd.edu.ar\/sitio\/wp-json\/wp\/v2\/pages\/286"}],"collection":[{"href":"https:\/\/leibnitz-cba.infd.edu.ar\/sitio\/wp-json\/wp\/v2\/pages"}],"about":[{"href":"https:\/\/leibnitz-cba.infd.edu.ar\/sitio\/wp-json\/wp\/v2\/types\/page"}],"author":[{"embeddable":true,"href":"https:\/\/leibnitz-cba.infd.edu.ar\/sitio\/wp-json\/wp\/v2\/users\/1"}],"replies":[{"embeddable":true,"href":"https:\/\/leibnitz-cba.infd.edu.ar\/sitio\/wp-json\/wp\/v2\/comments?post=286"}],"version-history":[{"count":89,"href":"https:\/\/leibnitz-cba.infd.edu.ar\/sitio\/wp-json\/wp\/v2\/pages\/286\/revisions"}],"predecessor-version":[{"id":831,"href":"https:\/\/leibnitz-cba.infd.edu.ar\/sitio\/wp-json\/wp\/v2\/pages\/286\/revisions\/831"}],"wp:attachment":[{"href":"https:\/\/leibnitz-cba.infd.edu.ar\/sitio\/wp-json\/wp\/v2\/media?parent=286"}],"curies":[{"name":"wp","href":"https:\/\/api.w.org\/{rel}","templated":true}]}}

<div id="metaslider-id-403" style="width: 100%;" class="ml-slider-3-33-0 metaslider metaslider-flex metaslider-403 ml-slider ms-theme-default" role="region" aria-roledescription="Slideshow" aria-label="Slideshow">
    <div id="metaslider_container_403">
        <div id="metaslider_403" class="flexslider">
            <ul aria-live="polite" class="slides">
                <li style="display: block; width: 100%;" class="slide-607 ms-image" aria-roledescription="slide" aria-label="slide-607"><a href="https://mapa.infd.edu.ar/" target="_blank"><img src="https://leibnitz-cba.infd.edu.ar/sitio/wp-content/uploads/2018/06/mapa_infd6-1100x200.png" height="200" width="1100" alt="" class="slider-403 slide-607" title="mapa_infd6" /></a></li>
                <li style="display: none; width: 100%;" class="slide-609 ms-image" aria-roledescription="slide" aria-label="slide-609"><a href="https://www.argentina.gob.ar/educacion/becas" target="_blank"><img src="https://leibnitz-cba.infd.edu.ar/sitio/wp-content/uploads/2018/06/becas7-1100x200.png" height="200" width="1100" alt="" class="slider-403 slide-609" title="becas7" /></a></li>
                <li style="display: none; width: 100%;" class="slide-635 ms-image" aria-roledescription="slide" aria-label="slide-635"><a href="https://www.argentina.gob.ar/tema/estudiar/formacion-docencia" target="_blank"><img src="https://leibnitz-cba.infd.edu.ar/sitio/wp-content/uploads/2018/06/convocatorias_slide6-1-1100x200.png" height="200" width="1100" alt="" class="slider-403 slide-635" title="convocatorias_slide6-1" /></a></li>
            </ul>
        </div>
        
    </div>
</div>
<p><img decoding="async" loading="lazy" class="aligncenter" style="vertical-align: middle;" src="https://lh4.googleusercontent.com/-deA0Ln4N9Y8/Vzspl3a7KnI/AAAAAAAAAGA/gTOeAa1TCD0cIbvoaenB8LQxHISbQEF7wCL0B/w1026-h577-no/portada%2B1.png" width="700" height="393" border="0" /></p>
<div align="center">
<table style="width: 700px; height: 290px; background-color: #ffffff;" border="0" cellspacing="8" cellpadding="8">
<tbody>
<tr>
<td style="width: 50%; text-align: left; border: 1px solid #4b8fcc; background-color: #ffffff;" valign="top"><span style="font-family: 'trebuchet ms', geneva; font-size: 10pt;"><img decoding="async" title="" src="https://leibnitz-cba.infd.edu.ar/sitio/wp-content/uploads/2018/08/redinfod.png" alt="" border="0" /></span></p>
<p style="text-align: justify;"><span style="font-family: verdana, geneva; font-size: 12pt;">Junto con mas de 800 institutos, integramos la <strong><em>Red Virtual de Institutos Superiores de Formación Docente</em></strong> coordinada por el <strong>INFD </strong>(Instituto Nacional de Formación Docente) dependiente del Ministerio de Educación de la Nación Argentina. </span></p>
</td>
<td style="border: 1px solid #4b8fcc; width: 50%; background-color: #f0f8ff;" valign="top">
<p style="text-align: center;"><span style="font-family: 'trebuchet ms', geneva;"><span style="font-size: 18.6667px;">Sede del CCRTIC (SPIyCE) &#8211; Ministerio de Educación &#8211; Gobierno de la Provincia de Córdoba</span></span></p>
<p style="text-align: center;"><span style="font-family: 'trebuchet ms', geneva;"><span style="font-size: 18.6667px;"><img decoding="async" loading="lazy" src="https://lh3.googleusercontent.com/qQ1eGMZ5u1J98ecUUZwLf9wssbynkA1XDsE5VVlhEg7mHAtjSTS-w8KbumJnENa_Bwzgax31QGRo3On9fA-4f-tprVlirQj2N9vkCPoffSpQ4Huy1vGbr3kKfa7XQgFxj3ZDAEKue0Nd88zYzs1ZIJ_AOpxyLPIaqXkkp5NK3VTRSXamDfp5nkQkHFg5CqwcRTvgVxZUyXbewKb0-kfmIF87mvzzV1iJB1wq_cGwG2JyQjlHx-Sajfolkwvu7Kqu4lc28opF2UTH2vQXq4ORvhgWzwOcqyPMm7epTAzjTLxYMn4XUXGrKoiicMPLWMobG9_pTtuyaMyzs9TtHhCyqtdgz906SoTp6v2OSfHqwoFYcVCiYU3UgFZyiurLEKqVy5BmRrSaxM1ewX3vRV615ZJUh2TZAW_xIKW0hFG_cDXeGkYW12SpihsHemf9dQfk0zhHDVwWpstJHLV1EJw0yQdHJxuqEPxgBYBcfEUJl4ofr1Cic2foO7vUgDTwLa63e3y3IaniVSBBbDLVl6b4AH95Y67I2AeSQQcx9wjD2NUZcFrAs226FBSFwg73sSJsO7XjCWzcj4f7-L_8M-5BDZr0nEVNvJUo2OluURaUbuFH43FV5O2729JPJrropP8c74k4KQWMp-0TARFHQeQ8nezumDoa5yGq=w278-h104-no" alt="" width="278" height="104" border="0" /></span></span></p>
<p style="text-align: center;">
</td>
</tr>
</tbody>
</table>
</div>

<p>Junto con mas de 800 institutos, integramos la Red Virtual de Institutos Superiores de Formación Docente coordinada por el INFD (Instituto Nacional de Formación Docente) dependiente del Ministerio de Educación de la Nación Argentina.  Sede del CCRTIC (SPIyCE) &#8211; Ministerio de Educación &#8211; Gobierno de la Provincia de Córdoba</p>
